actor of o and v?
13
Let i = 18 + -6. Suppose -28*r + 32*r - i = 0. Suppose -16 = -o + r*z, -4*o + 144 = 6*z - 2*z. Calculate the greatest common factor of 62 and o.
31
Suppose d - 308 = -2*u - 0*u, 2*u = 5*d + 320. Let c = -14 - -34. Suppose -5*r = 5*i - u, 2*i + 3*i - c = 0. What is the highest common divisor of 9 and r?
9
Let k = 173 + -170. Suppose 5*o + 12 = -13, -k*n + 3*o + 495 = 0. Calculate the greatest common divisor of 64 and n.
32
Let s = 2274 + -2120. What is the highest common divisor of s and 112?
14
Suppose 3*d + 4*t + 39 = 0, -3*t = 5*d + 28 + 26. Let x(r) = r**2 + 6*r + 43. Let n be x(d). What is the greatest common divisor of 10 and n?
10
Suppose -2*q - 5*h + 3*h - 22 = 0, 3*q = 2*h - 8. Let m be 1008/98 + q/21. Calculate the highest common divisor of m and 35.
5
Suppose -33*y = -34*y + 2*o + 260, 5*y = -9*o + 1547. Suppose 3*a + 44 = 4*a. Calculate the highest common factor of a and y.
22
Let x = 1851 - 1848. Suppose -2*n + 182 = -4*j, -5*j - 373 = -4*n - 6*j. What is the highest common factor of n and x?
3
Let u be (5 - (-2 - 776))*(-8)/12. Let r = -512 - u. Suppose 5*h = -3*f + 35, 3*h - 4 - 41 = 3*f. What is the highest common factor of h and r?
10
Let p = 375 + 326. Suppose 706*u - 35 = p*u. Suppose -102 = 2*q - 508. What is the greatest common factor of u and q?
7
Let g(f) = -29*f**3 - 2113*f**2 + 2*f + 312. Let q be g(-73). Calculate the highest common factor of 46 and q.
46
Let r = 84 + -45. Let b(g) = -g**2 - 2*g + 4. Let f be b(-4). Let y be ((-1)/(-1))/(f/(-52)). What is the highest common factor of y and r?
13
Suppose 10*j - 56 = 9*j. Let l be 1/(-2)*308/(-66)*3. Calculate the highest common divisor of j and l.
7
Let a(v) be the third derivative of 23*v**4/24 + 22*v**3 + 184*v**2. Let h be a(3). What is the greatest common factor of 3 and h?
3
Let b be (-6)/(-2) + (-7)/(-9 + 2). Let y(l) = 44*l - 81. Let p be y(b). Calculate the greatest common factor of p and 5.
5
Let q(i) = -34*i - 642. Let c be q(-20). What is the highest common factor of c and 5738?
38
Let c(z) = 5*z + 1706. Let i be c(14). What is the greatest common divisor of 74 and i?
74
Let n = 8056 - 7621. What is the highest common divisor of 10 and n?
5
Suppose x - 8712 = -8*x - 0*x. Calculate the greatest common factor of x and 847.
121
Let q be (-90)/(-5)*54/12. Suppose 8*h - 54 = 7*h. Calculate the greatest common factor of q and h.
27
Suppose -10*c + 6*c = 3*l + 623, 836 = -4*l - 4*c. Let t = 109 - l. What is the greatest common divisor of t and 14?
14
Let x be (-4)/(-5) + ((-76)/20 - -3). Suppose x = -5*y + 2*y + 1020. What is the greatest common factor of y and 136?
68
Let p(i) = -39*i**3 - 19*i**2 - 36*i + 4. Let u be p(-3). Calculate the highest common factor of 355 and u.
71
Let b = 87 + -85. Suppose -b*j + 25 = 21. Suppose -j*z + 4 = a - 1, -11 = -2*a - 5*z. Calculate the highest common divisor of a and 24.
3
Let h(x) = -23*x - 206. Let d be h(-9). Let t be (-1)/(d - 3078/3072). Calculate the greatest common factor of t and 16.
16
Let j = 8 + 5. Suppose -4*u - 11 = j. Let v be 548/12 - u/(-9). What is the highest common factor of v and 18?
9
Suppose 0 = 7*s - 3*s + 32. Let q be 132*2/(s/(-3)). Suppose 5*m - m - 5*y = 29, 0 = m + y - 14. Calculate the highest common divisor of m and q.
11
Let k(j) = 242*j**3 + 2*j**2 - j. Let c be k(1). Let s be (53 - 67) + 47 - 24. Calculate the highest common divisor of c and s.
9
Let m(s) = -879*s - 865. Let q be m(-8). What is the greatest common factor of 7 and q?
7
Suppose 2*y - 2 = 0, -4*f = -5*f + 3*y + 131. Let g = 960 - 625. Calculate the greatest common divisor of g and f.
67
Let m(p) = -318*p - 404. Let c be m(-2). Calculate the highest common divisor of 128 and c.
8
Let l(f) = 2*f - 121. Let v(t) = 2. Let m(k) = -l(k) - 4*v(k). Let p be m(46). What is the greatest common factor of p and 756?
21
Let r be 0*10/(-90) + (1 - -9). Calculate the highest common factor of 3230 and r.
10
Let s = 236 - 276. Let r be (-6 + s/(-16))/((-1)/16). What is the highest common factor of 8 and r?
8
Let j be 16/12*-3 - -5. Let x be (3*8/48)/((-2)/(-4)). Calculate the highest common divisor of j and x.
1
Let h = -16251 - -18311. Calculate the highest common divisor of h and 100.
20
Suppose -610 = 279*w - 7027. Calculate the highest common divisor of 61939 and w.
23
Let p(t) = t**3 + 3*t**2 - 14*t - 34. Suppose 40 + 40 = 10*q. Let z be p(q). What is the highest common factor of z and 18?
18
Suppose -73 = -31*x + 82. What is the greatest common factor of x and 1215?
5
Let d(g) = 2*g**2 - 59*g + 29. Let f be d(29). Suppose 4*h + b - 403 = f, -2*h + 2*b + 68 = -146. Calculate the greatest common factor of h and 136.
34
Let j = -50 - -52. Suppose 0*i - 112 = -3*i + 5*u, -4*i - j*u = -106. Suppose -d - 2*d = -12, -3*y + i = 5*d. Calculate the highest common factor of y and 6.
3
Suppose -2 - 31 = -11*s. Suppose 2*r - 4*n - 748 = 0, 5*n = -2*r + s*r - 377. Let f = -184 + r. What is the highest common factor of f and 47?
47
Let b(s) = -35*s**3 - s**2 + 2*s - 4. Let d be b(-2). What is the greatest common factor of d and 1273?
67
Let p = -192 - -197. Suppose p*s = -3*t + 2993, 5*s - 1467 = 5*t + 1518. Calculate the greatest common divisor of 26 and s.
26
Suppose 7*u - 207 - 395 = 0. Calculate the greatest common divisor of u and 731.
43
Let p(q) = -q**2 - 40*q - 71. Let o be p(-38). Let j(h) = -h**3 + 7*h**2 - 8*h + 10. Let n be j(o). What is the greatest common factor of 32 and n?
4
Let g(q) = q**2 + q - 251. Let p be g(0). Let i = p + 468. Suppose 0 = k + 2*w - 31, k + 5*w + 31 = 2*k. Calculate the greatest common divisor of i and k.
31
Let u be (-36)/4*2/(-3). Suppose -4*l = -3*m - 222 + 463, -4*m - 3*l + 363 = 0. Calculate the greatest common divisor of m and u.
3
Suppose -q + 4 = 2*u, u + 0*u = 4*q - 7. Suppose 2*x = -r - 6, -2*r + q = -7*r - 3*x. Calculate the greatest common factor of 86 and r.
2
Let t = -30 + 20. Let d be (-6)/t + 849/(-15). Let i = 20 - d. Calculate the highest common factor of i and 190.
38
Let y be (-20723)/(-187)*198/18. What is the highest common divisor of 782 and y?
23
Suppose 2*n - 5*l - 280 = 0, -35*n = -40*n + 3*l + 738. Calculate the highest common divisor of 165 and n.
15
Suppose 4*b + 561 = 5*f, 57*b - 537 = -5*f + 55*b. Calculate the highest common divisor of f and 29321.
109
Let d(g) = 4*g**2 - 23*g - 22. Let f be d(-1). Calculate the highest common factor of 1435 and f.
5
Let t = 1341 + -1326. Let q(c) = -2*c**3 + 3*c**2 - 3*c + 3. Let j be q(2). Let l be (-14)/(-49) - 838/j. What is the highest common factor of t and l?
15
Let o(y) = 3*y**2 + 10*y + 36. Let u be o(-9). Suppose -5*d = 5*s - 300, -4*d - d + 321 = -2*s. What is the greatest common factor of d and u?
63
Let p be ((-92)/12)/((-19496)/2784 - -7). Suppose p - 743 = 7*r. Calculate the highest common factor of r and 77.
11
Let p(h) = 4*h**3 - 15*h**2 + 21*h - 2. Let a be p(5). What is the greatest common factor of 24 and a?
12
Let i be 2/(-7) - (-10)/35. Suppose -4*p + 684 = 4*a, 3*a - 5*p - 537 = -i*a. What is the greatest common factor of a and 18?
6
Let u(z) = 2*z**2 + 633*z + 1316. Let a be u(0). Calculate the greatest common factor of 8225 and a.
329
Let l = -868 + 1421. Let b = l + -287. What is the greatest common divisor of b and 28?
14
Let j = -62 - -56. Let y be (-332)/(-6)*4/16*j. Let k = -49 - y. Calculate the greatest common divisor of 2 and k.
2
Let w be (-18)/4*(1120/(-12))/5. Suppose 12*j + 300 + w = 0. Let n be (j + 2)/(3/6 + -2). Calculate the greatest common factor of 8 and n.
4
Let w = -83 + 180. Suppose -5*h + 147 - w = 0. What is the greatest common factor of 170 and h?
10
Let t be (92/(-8))/((-2)/52). Let a = t - 214. What is the greatest common divisor of a and 20?
5
Suppose -260 = -10*q + 6*q. Let w(x) = -x**2 + 12*x - 1 - 6 + 3*x - 7*x. Let v be w(6). Calculate the highest common factor of q and v.
5
Let t be (1*141)/(12/64). Let y(l) = 16*l**2 - 360*l + 816. Let n be y(20). What is the highest common divisor of t and n?
16
Let i be (-5 + -1 - -8)/((-2)/(-312)). Suppose 2*x - 191 = h - 33, 0 = 4*x - 3*h - i. What is the highest common divisor of x and 27?
27
Suppose -3*g + 6*z + 513 = 3*z, 0 = -2*g + 3*z + 342. Let w(o) = o**3 + 25*o**2 + 99*o + 4. Let r be w(-5). What is the greatest common factor